 10111011?
-10102102200
In base 2, what is 1110011111 + -1111010100?
-110101
In base 15, what is 6d + -1b0712?
-1b0694
In base 14, what is -3 - 455062?
-455065
In base 16, what is -cd2bb2 + 8?
-cd2baa
In base 6, what is -41132145112 - -3?
-41132145105
In base 2, what is 101 - 11001110001000000111100?
-11001110001000000110111
In base 7, what is 212260 - -13230?
225520
In base 12, what is 102 - -1198b?
11a91
In base 13, what is 11 + -8145c50?
-8145c3c
In base 10, what is -15 + 8349?
8334
In base 4, what is 1321 + 130220211?
130222132
In base 4, what is 30321302201 + 3?
30321302210
In base 2, what is -1001 - 1001010101111001000101100?
-1001010101111001000110101
In base 6, what is 111315103 + 1042?
111320145
In base 8, what is -210211165 + -2?
-210211167
In base 14, what is -1a7 + 9b7?
810
In base 5, what is -2 - -4433121212?
4433121210
In base 4, what is -23110013333 - 221?
-23110020220
In base 12, what is 15 + -1a380a?
-1a37b5
In base 14, what is -75ac0 + -1?
-75ac1
In base 3, what is 12220 + -1020122010?
-1020102020
In base 2, what is 10010001100100111 - -110011?
10010001101011010
In base 5, what is -1444221003230 + -2?
-1444221003232
In base 11, what is -4 + -3574a13?
-3574a17
In base 14, what is -336cd483 + 0?
-336cd483
In base 13, what is 97c7 + 15ab?
b0a5
In base 15, what is -51 - ace6c?
-acebd
In base 7, what is -1 + 16361134?
16361133
In base 14, what is -298 - 4d81?
-5239
In base 12, what is -1a91959 + 4?
-1a91955
In base 7, what is -3061550 - -1642?
-3056605
In base 13, what is 635c - 719?
5943
In base 14, what is 403972 - -3?
403975
In base 8, what is -1205 + -17622?
-21027
In base 6, what is 3512 + -1205105?
-1201153
In base 12, what is 12 - 414475?
-414463
In base 7, what is 5 - 3212653?
-3212645
In base 12, what is 331508a + -5?
3315085
In base 7, what is 16116221 - -5?
16116226
In base 3, what is 1 + 20020202221212122?
20020202221212200
In base 3, what is -10 - -2122210222200120?
2122210222200110
In base 6, what is -1502 + -111113?
-113015
In base 15, what is -178c - -1256?
-536
In base 11, what is 377305 + 657?
377961
In base 14, what is 16b8c5 + 1c?
16b903
In base 10, what is -10 + 3019027?
3019017
In base 11, what is -817 + 4664?
3948
In base 16, what is c0be69 + 8?
c0be71
In base 14, what is 9 - -321acb8?
321acc3
In base 2, what is 11000000111010110101011101011 - -10?
11000000111010110101011101101
In base 8, what is -5257432434 + -1?
-5257432435
In base 4, what is -1122 - 32221310?
-32223032
In base 2, what is -1111101 + 1001111110000100000111?
1001111110000010001010
In base 4, what is 20 + 133222223033?
133222223113
In base 3, what is 202021 + -1012202221?
-1012000200
In base 9, what is -1220 - -46674?
45454
In base 16, what is 280 - 2104?
-1e84
In base 5, what is -122043 - -14121202?
13444104
In base 16, what is -9 + -192b4a?
-192b53
In base 2, what is 11100110 - 101001110011010101?
-101001101111101111
In base 15, what is 5 - b6cda00?
-b6cd9ea
In base 9, what is -20 - -410071?
410051
In base 7, what is 1202 + -362346?
-361144
In base 6, what is -15 - 54215504?
-54215523
In base 7, what is 10 - 305051?
-305041
In base 6, what is 5145411 - 1225?
5144142
In base 13, what is -262 + 14540?
142ab
In base 13, what is -c - -9c86a4?
9c8695
In base 15, what is 59 + 414d?
41a7
In base 10, what is 38 + -4451697?
-4451659
In base 16, what is d + -5589?
-557c
In base 12, what is -1b41a5 - 16?
-1b41bb
In base 6, what is 1143 - -24252300?
24253443
In base 15, what is -107aa3 - 6?
-107aa9
In base 12, what is 553527 + -172?
553375
In base 12, what is -a32b + -4a22?
-13151
In base 4, what is 0 + 112121300220?
112121300220
In base 4, what is 11 - -23211022231?
23211022302
In base 8, what is 244 + 7277534?
7300000
In base 5, what is -4 + 3012130240?
3012130231
In base 4, what is 100203 + 22120113?
22220322
In base 2, what is -1101110110011010101 - -1011?
-1101110110011001010
In base 3, what is 110112210101 - 21?
110112210010
In base 15, what is -e2 - -10c4d4?
10c3e2
In base 2, what is -1101011100000000 + 111010101?
-1101010100101011
In base 9, what is 30200 + -143?
30046
In base 10, what is 5 - -674907?
674912
In base 7, what is 103145 - -255?
103433
In base 15, what is -15 - 3a4c4?
-3a4d9
In base 16, what is -181f4 + 210?
-17fe4
In base 5, what is -34 + 4334044313?
4334044224
In base 4, what is 113123022233320 - -1?
113123022233321
In base 5, what is 343330031 + -4000?
343321031
In base 13, what is 2 + -19412765?
-19412763
In base 8, what is 5 - 10145703?
-10145676
In base 8, what is -4777152 + -163?
-4777335
In base 16, what is 5af22a - 5?
5af225
In base 14, what is 319c43 - 9?
319c38
In base 6, what is -204412521 - 34?
-204412555
In base 13, what is -7 + -29031c?
-290326
In base 8, what is -546 - -4751?
4203
In base 7, what is 65 - -432334?
432432
In base 3, what is 21122202120 - 1021120?
21121111000
In base 14, what is -130cab3 - 4?
-130cab7
In base 5, what is -14130223 - -143?
-14130030
In base 9, what is -205848 + -32?
-205881
In base 12, what is 1 - 3421594?
-3421593
In base 16, what is 29059 - -4?
2905d
In base 5, what is 22 - -3001412240?
3001412312
In base 4, what is 2 - -122211313003?
122211313011
In base 6, what is 5 - -2222553013?
2222553022
In base 8, what is -1517 - 2140316?
-2142035
In base 7, what is -36425 - -23525?
-12600
In base 3, what is 102 + 111021202012?
111021202121
In base 15, what is ceb + 538?
1334
In base 2, what is 101011100001010011 - -1001101?
101011100010100000
In base 10, what is 1250 - 41368?
-40118
In base 15, what is -12a5e - -7a?
-129d4
In base 10, what is -8 + -5219724?
-5219732
In base 5, what is -22200 + -334011?
-411211
In base 4, what is -1 - 1200122113?
-1200122120
In base 16, what is -3 - 2d0ad4e?
-2d0ad51
In base 10, what is 2671422 + -1?
2671421
In base 12, what is -17b42 + -6a7?
-18629
In base 8, what is -3 + 100126764?
100126761
In base 12, what is 192 - -51a979?
51ab4b
In base 16, what is -108aa - -116?
-10794
In base 6, what is 3534123324 - 3?
3534123321
In base 2, what is 0 + -1010010001000011011110?
-1010010001000011011110
In base 12, what is 1242 + -48860?
-4761a
In base 10, what is -4 - 2466033?
-2466037
In base 11, what is 2359 - -775?
3023
In base 12, what is 420 + 6529?
6949
In base 2, what is -10000100001101101110001 + 1100?
-10000100001101101100101
In base 14, what is -582d7 - -2a7?
-58030
In base 16, what is b + 16a8cd?
16a8d8
In base 4, what is 2000031 + 2300320?
10301011
In base 13, what is -1b4066 + -227?
-1b4290
In base 12, what is 114441745 + -4?
114441741
In base 14, what is 1 + -10223d6c?
-10223d6b
In base 13, what is -347c59 + 101?
-347b58
In base 15, what is -38 - 1e621?
-1e659
In base 7, what is -26 + -5050324?
-5050353
In base 15, what is 242 - 5339?
-50e7
In base 10, what is 110232359 - -1?
110232360
In base 2, what is 11100100011110110111 + 10100?
11100100011111001011
In base 5, what is -12234020 - 10?
-12234030
In base 13, what is 39878 - 2807?
37071
In base 12, what is 2 + 1541a29?
1541a2b
In base 9, what is -1031661654 + 0?
-1031661654
In base 10, what is 3 - -1586867?
1586870
In base 13, what is -2b9a5990 + -4?
-2b9a5994
In base 7, what is 20642211 + 1201?
20643412
In base 15, what is 1c3a0 + 78?
1c428
In base 16, what is -3 + 417a2?
4179f
In base 10, what is -2 - -7379842?
7379840
In base 6, what is -4 + -5150204104?
-5150204112
In base 15, what is -1732b44 + 0?
-1732b44
In base 5, what is 100 - 2431234?
-2431134
In base 10, what is -169 - 32164?
-32333
In base 16, what is 1502 + -163?
139f
In base 12, what is 11 + 14bba4?
14bbb5
In base 12, what is 31 + 5375a7?
537618
In base 10, what is -10 + 29209?
29199
In base 9, what is 62461 - -6?
62467
In base 9, what is -14 + 3180886?
3180872
In base 10, what is -1114636 - -3?
-1114633
In base 6, what is -151112550 - 5?
-151112555
In base 8, what is -266 - 1106343?
-1106631
In base 2, what is 1 - 111001000110000000011111?
-111001000110000000011110
In base 8, what is 0 - 126373704?
-126373704
In base 3, what is -20202110210221 + -2002?
-20202110220000
In base 2, what is -1010 - -1101001110010110101111?
1101001110010110100101
In base 6, what is 3243515211 - 1?
3243515210
In base 11, what is 9a5a3 - -1366?
a0959
In base 11, what is -3 + 1830560?
1830558
In base 4, what is 123121311 - -30?
123122001
In base 2, what is 100001